*3 - 2*l**2 + 2*l + 17. What is m(0)?
17
Let w(o) = -o**3 + 2*o**2 + 2*o - 8. What is w(0)?
-8
Let f(x) = -x**2 + 34*x - 135. What is f(5)?
10
Let f(n) = n**2 + 7*n + 3. Determine f(-2).
-7
Let f(s) = -s**2 + 73*s - 404. What is f(67)?
-2
Let d(x) = -18*x - 107. Give d(-10).
73
Let l(v) = 17*v - 59. Determine l(7).
60
Let c(k) = -k**2 + 19*k - 6. What is c(18)?
12
Let u(t) = -2*t**3 - 72*t**2 + 5. Give u(-36).
5
Let o(w) = w**3 - 11*w**2 - 12*w + 16. Give o(12).
16
Let s(z) = 3*z**2 + 23*z + 24. Determine s(-1).
4
Let g(l) = 2*l**2 + 9*l - 16. Determine g(-9).
65
Let x(m) = -2*m - 17. Calculate x(-7).
-3
Let d(q) = 2*q**3 + 2*q**2 - 2*q. Give d(-3).
-30
Let x(z) = 7*z**2 - 3*z - 2. What is x(2)?
20
Let z(l) = -27*l + 29. Determine z(0).
29
Let v(s) = s**2 - 2*s + 9. Determine v(0).
9
Let t(q) = 2*q**2 + 20*q + 32. Calculate t(-7).
-10
Let s(y) = 65*y**2. Determine s(-1).
65
Let j(c) = c**3 + 3*c**2 + 2*c + 3. Calculate j(-4).
-21
Let k(q) = 32*q + 166. Give k(-5).
6
Let x(i) = -9*i**2 - 3*i + 4. Calculate x(1).
-8
Let z(v) = v**3 - 21*v**2 + 37*v + 32. What is z(19)?
13
Let o(l) = 3*l + 13. What is o(-11)?
-20
Let h(p) = -41*p**3 - p**2 + 1. What is h(-1)?
41
Let t(q) = q**2 + 5*q + 17. Determine t(-6).
23
Let q(s) = -s**3 - 6*s**2 - 2*s - 11. Calculate q(-6).
1
Let w(r) = -10*r - 1. Calculate w(5).
-51
Let i(n) = n**3 + 6*n**2 - 7*n + 9. What is i(-7)?
9
Let o(x) = -x**3 + 41*x**2 - 37*x - 108. Give o(40).
12
Let x(t) = -t**3 - t**2 - 11*t - 2. Determine x(0).
-2
Let g(p) = -p**3 + 7*p**2 - 8*p - 6. Give g(6).
-18
Let z(a) = -a**3 + a**2 + a - 6. Calculate z(-2).
4
Let s(r) = -7*r + 7. Give s(2).
-7
Let k(x) = x + 4. What is k(5)?
9
Let p(b) = b**2 - 14*b - 4. Determine p(11).
-37
Let m(q) = q**3 - 9*q**2 + 6*q + 17. Calculate m(7).
-39
Let t(n) = 23*n - 550. What is t(24)?
2
Let t(w) = -12*w + 48. Determine t(4).
0
Let m(a) = 26*a - 4. What is m(2)?
48
Let d(i) = i + 11. Determine d(-11).
0
Let d(a) = -26*a**2 - 156*a - 10. Determine d(-6).
-10
Let b(v) = -4*v + 6. Give b(7).
-22
Let k(l) = -4*l - 95. What is k(-23)?
-3
Let l(h) = h**3 + 5*h**2 + 2*h - 7. Determine l(-4).
1
Let n(t) = -t**2 + 19*t - 4. Calculate n(13).
74
Let r(h) = h**3 - 12*h**2 - 18*h + 23. Give r(13).
-42
Let l(n) = -19*n + 2. Calculate l(3).
-55
Let p(c) = -c + 8. Determine p(0).
8
Let w(f) = -f**3 - 9*f**2 + 11*f + 9. Determine w(-10).
-1
Let d(w) = -5*w**2 - 2*w - 2. Calculate d(-1).
-5
Let x(v) = -v**3 - 6*v**2 + 4*v - 9. Determine x(-7).
12
Let c(z) = -z + 15. Calculate c(4).
11
Let p(z) = -z**3 - 35*z**2 - 39*z - 169. What is p(-34)?
1
Let k(a) = a**3 - 10*a**2 - 16. Give k(11).
105
Let m(i) = -2*i**3 + i**2 + 2*i + 1. Calculate m(2).
-7
Let y(h) = h**2 + 4*h - 7. Give y(-5).
-2
Let x(k) = -k**3 - 2*k**2 - k + 4. Calculate x(2).
-14
Let y(w) = w**2 + 2*w - 35. What is y(-6)?
-11
Let s(i) = -3*i**2 + 3*i + 3. Calculate s(-5).
-87
Let k(i) = 7*i + 193. Give k(-27).
4
Let r(b) = 27*b - 17. Give r(3).
64
Let s(u) = u**2 - 8*u + 7. What is s(2)?
-5
Let z(g) = 24*g + 1. Determine z(-1).
-23
Let h(j) = 2*j**2 - 3*j + 2. Calculate h(2).
4
Let n(o) = -15*o - 141. Calculate n(-9).
-6
Let g(r) = r**3 + 4*r**2 - 8*r - 19. What is g(-5)?
-4
Let x(p) = 5*p + 8. Calculate x(2).
18
Let c(q) = 29*q - 200. Calculate c(7).
3
Let k(c) = c**3 - 2*c**2 + c - 5. Calculate k(5).
75
Let x(o) = -3*o + 20. What is x(6)?
2
Let s(r) = 5*r - 5. Calculate s(-3).
-20
Let u(g) = -2*g**3 + 65*g**2 - 30*g - 73. Give u(32).
-9
Let p(t) = t**3 - 6*t**2 - 12*t + 62. What is p(4)?
-18
Let v(j) = -4*j**3 - 2*j**2 - j. What is v(-1)?
3
Let o(v) = -v**3 - 2*v**2 - 2*v + 30. Calculate o(0).
30
Let f(t) = 3*t**2 - 15*t - 44. Give f(7).
-2
Let f(i) = -3*i + 23. Give f(7).
2
Let j(q) = 14*q - 167. Give j(13).
15
Let x(g) = g**2 - 27*g + 194. Determine x(10).
24
Let n(b) = -b**2 - 5*b + 21. Determine n(-8).
-3
Let k(o) = o**3 + 20*o**2 + 20*o - 6. Give k(-19).
-25
Let w(u) = u**2 + 12*u - 5. Calculate w(-9).
-32
Let d(f) = -7*f - 1. Determine d(3).
-22
Let l(n) = -n + 4. Calculate l(-7).
11
Let n(s) = -9*s + 17. Give n(1).
8
Let c(w) = w**3 - w**2 + 8*w + 20. What is c(-2)?
-8
Let q(x) = 45*x**3 + 2*x**2 - x. Calculate q(1).
46
Let g(k) = k**3 - 9*k**2 + 11*k - 4. What is g(7)?
-25
Let x(r) = r**3 - 11*r**2. What is x(11)?
0
Let q(y) = y**2 - 8*y - 6. What is q(9)?
3
Let f(x) = -2*x**2 + 2*x - 2. Give f(1).
-2
Let j(v) = 40*v + 3. Determine j(-1).
-37
Let o(w) = -w**3 + 15*w**2 + 34*w - 24. What is o(17)?
-24
Let g(a) = 50*a + 108. What is g(-2)?
8
Let c(w) = -w**2 + 34*w + 152. Calculate c(38).
0
Let g(j) = j**3 + 5*j**2 - 5*j + 1. Determine g(2).
19
Let v(i) = -3*i - 7. Calculate v(-2).
-1
Let f(u) = -u**2 + 29*u - 134. Give f(23).
4
Let z(r) = -r**3 + 20*r**2 + 2. Calculate z(20).
2
Let k(z) = -z**2 - 9*z + 2. Calculate k(-11).
-20
Let x(j) = -2*j**2 - 11*j + 1. Determine x(-6).
-5
Let f(w) = -w**3 - 13*w**2 - 11*w + 10. Give f(-12).
-2
Let v(r) = -r**3 + 4*r**2 - 2*r - 2. What is v(5)?
-37
Let j(r) = -8*r + 174. Determine j(20).
14
Let a(b) = b - 11. Calculate a(4).
-7
Let x(n) = -9*n**2 - 16*n + 3. Give x(-2).
-1
Let l(q) = -18*q**3 + 2*q - 3. What is l(1)?
-19
Let m(p) = -2*p - 3. What is m(2)?
-7
Let a(h) = -22*h + 1. Give a(-1).
23
Let p(o) = -2*o**2 + 16*o - 4. What is p(0)?
-4
Let r(w) = w**2 - 2*w - 8. What is r(-3)?
7
Let j(r) = r**2 - 12*r - 63. Calculate j(16).
1
Let n(f) = -f**3 - 9*f**2 - 9*f - 29. Give n(-8).
-21
Let j(s) = s**2 - 3*s + 6. Calculate j(5).
16
Let p(t) = t - 3. Determine p(-9).
-12
Let z(w) = w**3 - 9*w**2 - 10*w + 35. What is z(10)?
35
Let j(p) = -37*p - 1. Determine j(0).
-1
Let j(b) = -5*b. Give j(2).
-10
Let s(z) = -98*z + 485. Determine s(5).
-5
Let m(r) = 3*r**3 - 6*r**2 - 2*r + 1. Calculate m(2).
-3
Let f(l) = l - 19. What is f(-11)?
-30
Let o(y) = y**3 + 11*y**2 + 11*y - 23. Give o(-10).
-33
Let r(i) = -3*i + 11. What is r(4)?
-1
Let h(m) = m**2 - 4*m - 7. Calculate h(0).
-7
Let f(u) = -5*u + 31. Determine f(5).
6
Let n(k) = -k**2 + 12*k - 3. Give n(14).
-31
Let r(i) = 18*i - 25. What is r(2)?
11
Let l(r) = -r**3 - 4*r**2 + 3*r - 4. Calculate l(3).
-58
Let b(x) = -2*x**2 + 8*x - 5. What is b(6)?
-29
Let v(u) = 4*u - 4. Determine v(-1).
-8
Let z(s) = s**3 - 18*s**2 - 24*s + 19. Give z(19).
-76
Let z(r) = r**2 + 6. Determine z(-3).
15
Let x(a) = 24*a + 113. What is x(-5)?
-7
Let u(s) = 3*s**2. What is u(-2)?
12
Let w(f) = -f**3 - 5*f**2 - 9*f - 7. Determine w(-2).
-1
Let b(v) = v**3 - 21*v**2 + 15*v + 94. Calculate b(20).
-6
Let a(u) = u**3 + 5*u**2 + 9*u + 10. Determine a(-5).
-35
Let d(a) = -2*a**2 - 18*a - 5. Calculate d(-8).
11
Let q(j) = -5*j - 13. Give q(2).
-23
Let w(k) = k**2 - 1. Determine w(2).
3
Let h(g) = -2*g**3 - 3*g**2 - 3*g - 1. Calculate h(-2).
9
Let b(m) = 3*m - 3. What is b(-5)?
-18
Let a(v) = -v**2 + 11*v - 5. Calculate a(11).
-5
Let j(m) = -3*m - 73. What is j(0)?
-73
Let o(n) = -n + 1. Calculate o(14).
-13
Let c(r) = r**3 + 11*r**2 - 14*r - 14. Determine c(-12).
10
Let y(x) = -x - 2. Calculate y(7).
-9
Let k(a) = a - 30. What is k(5)?
-25
Let u(x) = 2*x**3 + 2*x + 2. Give u(-1).
-2
Let i(d) = d**3 - d**2 - 26*d - 9. What is i(-4)?
15
Let r(b) = b + 6. What is r(-3)?
3
Let o(u) = 12*u + 47. Determine o(-5).
-13
Let r(c) = c**2 - 4*c - 6. Give r(-8).
90
Let x(y) = y**2 - 6*y - 12. Give x(6).
-12
Let p(o) = -o**2 - 15*o - 29. What is p(-13)?
-3
Let h(y) = -2*y**3 - 12*y**2 - 13*y - 5. What is h(-5)?
10
Let p(v) = -v**3 - 7*v**2 + 5*v - 6. Determine p(-8).
18
Let j(h) = -h - 13. What is j(-9)?
-4
Let g(q) = -18*q**3 + q**2 - q. Calculate g(1).
-18
Let m(z) = -18*z**3 + z**2 - 2*z + 1. Give m(1).
-18
Let g(r) = -2*r**2 + 35*r + 10. Give g(17).
27
Let g(k) = -k**3 + 9*k**2 - 10*k + 2. Calculate g(8).
-14
Let u(x) = 2*x**2 + 43*x - 88. Give u(2).
6
Let c(x) = -x**3 + 4*x**2 + 4*x + 7. What is c(4)?
23
Let m(c) = -c**3 + 32*c**2 - 87*c + 16. Determine m(29).
16
Let n(w) = -w**2 + 5*w + 14. Calculate n(6).
8
Let z(m) = 2*m - 8. What is z(7)?
6
Let p(q) = q**3 + 5*q**2 - 6*q - 9. What is p(-6)?
-9
Let t(i) = 2*i**2 - 17*i - 44. What is t(12)?
40
Let h(d) = -10*d - 4. Determine h(-1).
6
Let n(p) = -p**2 - 23*p - 28. What is n(-21)?
14
Let b(i) = 2*i**3 + 7*i**2 - 8*i - 10. Determine b(-4).
6
Let r(y) = -y**2 - 12*y + 84. Calculate r(-17).
-1
Let p(k) = 27*k 